{"id":911,"date":"2012-04-03T17:43:24","date_gmt":"2012-04-03T17:43:24","guid":{"rendered":"http:\/\/pinpao.co\/blog\/?page_id=911"},"modified":"2020-04-25T00:44:51","modified_gmt":"2020-04-25T00:44:51","slug":"negocio-exitoso","status":"publish","type":"page","link":"https:\/\/pinpao.co\/blog\/negocio-exitoso\/","title":{"rendered":""},"content":{"rendered":"<h3 style=\"text-align: center;\"><img loading=\"lazy\" decoding=\"async\" class=\"aligncenter\" title=\"negocio exitoso\" src=\"https:\/\/pinpao.co\/blog\/images\/2014\/negocio_exitoso.jpg\" alt=\"negocio exitoso\" width=\"657\" height=\"182\" \/><img loading=\"lazy\" decoding=\"async\" class=\"aligncenter\" title=\"rojo\" src=\"https:\/\/pinpao.co\/blog\/images\/2014\/red-animated.gif\" alt=\"rojo\" width=\"215\" height=\"98\" \/><span style=\"color: #ff0000;\">Vea como ella logr\u00e1 ganar 14 millones de pesos colombianos en 30 d\u00edas<\/span><br \/>\n<iframe loading=\"lazy\" src=\"https:\/\/www.youtube.com\/embed\/6sIg9xvn3iE\" width=\"420\" height=\"315\" frameborder=\"0\" allowfullscreen=\"allowfullscreen\"><\/iframe><\/h3>\n<p><object width=\"480\" height=\"360\" classid=\"clsid:d27cdb6e-ae6d-11cf-96b8-444553540000\" codebase=\"http:\/\/download.macromedia.com\/pub\/shockwave\/cabs\/flash\/swflash.cab#version=6,0,40,0\"><param name=\"allowFullScreen\" value=\"true\" \/><param name=\"allowscriptaccess\" value=\"always\" \/><param name=\"src\" value=\"http:\/\/www.youtube.com\/v\/ma-sKTpX4pQ?version=3&amp;hl=es_ES\" \/><param name=\"allowfullscreen\" value=\"true\" \/><embed width=\"480\" height=\"360\" type=\"application\/x-shockwave-flash\" src=\"http:\/\/www.youtube.com\/v\/ma-sKTpX4pQ?version=3&amp;hl=es_ES\" allowfullscreen=\"allowfullscreen\" allowscriptaccess=\"always\" allowfullscreen=\"allowfullscreen\" \/><\/object><\/p>\n<h2><img loading=\"lazy\" decoding=\"async\" class=\"aligncenter\" title=\"negocio-exitoso\" src=\"https:\/\/pinpao.co\/blog\/images\/negocio-exitoso.jpg\" alt=\"negocio-exitoso\" width=\"420\" height=\"450\" \/>Un negocio exitoso<\/h2>\n<p>&nbsp;<\/p>\n<p style=\"text-align: justify;\">Un <strong>negocio exitoso<\/strong> diferente, el cual ademas de aportar beneficios econ\u00f3micos, es una excelente oportunidad de cambiar su vida y las personas que deseen aprovechar esta gran oportunidad de negocio. <strong>Te espero tu decides !!!<\/strong><\/p>\n<h2 style=\"text-align: justify;\">Puedes formar tu propio negocio exitoso y ser parte de esta gran familia.<\/h2>\n<p style=\"text-align: justify;\">En esta espectacular empresa sabemos y creemos que puedes lograr tus sue\u00f1os .<\/p>\n<p style=\"text-align: justify;\">Si deseas afiliarte quedaras afiliado a los dos \u00a0(<strong> la linea de belleza y los productos nutricionales<\/strong>) \u00a0(<strong>puedes acceder al descuento del 20 % al 40 %)<\/strong>\u00a0o \u00a0puedes adquirir <a title=\"productos nutricionales\" href=\"https:\/\/pinpao.co\/blog\/productos\/sistemas\/\" target=\"_blank\" rel=\"noopener noreferrer\">Productos\u00a0nutricionales<\/a> o<a title=\"linea de belleza\" href=\"https:\/\/pinpao.co\/blog\/productos\/linea-de-belleza\/\" target=\"_blank\" rel=\"noopener noreferrer\"> la linea de belleza\u00a0<\/a>\u00a0\u00a0no dudes en <a title=\"contactame\" href=\"https:\/\/pinpao.co\/blog\/contactame\/\" target=\"_blank\" rel=\"noopener noreferrer\">contactarme !!<\/a><\/p>\n<p style=\"text-align: center;\"><img loading=\"lazy\" decoding=\"async\" class=\"aligncenter\" title=\"que obtines\" src=\"https:\/\/pinpao.co\/blog\/images\/2014\/que_obtienes.jpg\" alt=\"que obtines\" width=\"648\" height=\"195\" \/><\/p>\n<p style=\"text-align: center;\"><img loading=\"lazy\" decoding=\"async\" class=\"aligncenter\" title=\"beneficio 1\" src=\"https:\/\/pinpao.co\/blog\/images\/2014\/beneficio1.jpg\" alt=\"beneficio 1\" width=\"795\" height=\"471\" \/><\/p>\n<h2 style=\"text-align: justify;\"><img loading=\"lazy\" decoding=\"async\" class=\"alignnone\" title=\"beneficio 2\" src=\"https:\/\/pinpao.co\/blog\/images\/2014\/beneficio2.jpg\" alt=\"beneficio 2\" width=\"795\" height=\"471\" \/><\/h2>\n<h2 style=\"text-align: justify;\"><img loading=\"lazy\" decoding=\"async\" class=\"aligncenter\" title=\"beneficio 3\" src=\"https:\/\/pinpao.co\/blog\/images\/2014\/beneficio3.jpg\" alt=\"beneficio 3\" width=\"795\" height=\"471\" \/><\/h2>\n<h2 style=\"text-align: justify;\"><img loading=\"lazy\" decoding=\"async\" class=\"aligncenter\" title=\"beneficio 4\" src=\"https:\/\/pinpao.co\/blog\/images\/2014\/beneficio4.jpg\" alt=\"beneficio 4\" width=\"795\" height=\"471\" \/><\/h2>\n<h2 style=\"text-align: justify;\"><img loading=\"lazy\" decoding=\"async\" class=\"aligncenter\" title=\"beneficio 5\" src=\"https:\/\/pinpao.co\/blog\/images\/2014\/beneficio5.jpg\" alt=\"beneficio 5\" width=\"795\" height=\"471\" \/><\/h2>\n<h2 style=\"text-align: justify;\">Mira lo que contiene el kit de afiliaci\u00f3n de este espectacular negocio exitoso<\/h2>\n<h2 style=\"text-align: justify;\"><\/h2>\n<h2><img loading=\"lazy\" decoding=\"async\" class=\"size-full aligncenter\" src=\"https:\/\/pinpao.co\/blog\/images\/2020\/kit-de-afiliacion.jpg\" width=\"420\" height=\"433\" \/><\/h2>\n<p>&nbsp;<\/p>\n<p>&nbsp;<\/p>\n<p>Si eres de\u00a0 <strong>Colombia, Argentina,Ecuador,\u00a0M\u00e9xico,\u00a0Per\u00fa\u00a0o Estados Unidos<\/strong>\u00a0<strong><a title=\"Quiero ser empresario\" href=\"https:\/\/www.omnilife.com\/shopping\/front\/quiero_ser_empresario.php\" target=\"_blank\" rel=\"noopener noreferrer\"><span style=\"color: #ff0000;\"><span style=\"color: #ff0000;\">Te puedes afiliar por Internet en este\u00a0link<\/span>\u00a0o<\/span><\/a> <\/strong>si eres de otro pa\u00eds no dudes en <a title=\"contactame\" href=\"https:\/\/pinpao.co\/blog\/contactame\/\" target=\"_blank\" rel=\"noopener noreferrer\"><strong><span style=\"color: #ff0000;\">contactarme !!<\/span><\/strong>!<\/a><\/p>\n<h2><\/h2>\n<h2><span style=\"color: #ff0000;\">Luego Te Aparece Esta Pantalla (Clic en Inscribirte en L\u00ednea)<\/span><\/h2>\n<p><img loading=\"lazy\" decoding=\"async\" class=\"alignnone\" title=\"negocio exitoso\" src=\"https:\/\/pinpao.co\/blog\/images\/quiero_ser.jpg\" alt=\"negocio exitoso\" width=\"532\" height=\"250\" \/><\/p>\n<h2><span style=\"color: #ff0000;\"><strong>Luego esta pantalla<\/strong><\/span><\/h2>\n<p><strong>Ingresas mi\u00a0c\u00f3digo\u00a0internacional 57697235PAP<\/strong><\/p>\n<p><img loading=\"lazy\" decoding=\"async\" class=\"alignnone\" title=\"afiliaci\u00f3n internet\" src=\"https:\/\/pinpao.co\/blog\/images\/afiliacion_internet.jpg\" alt=\"afiliaci\u00f3n internet\" width=\"704\" height=\"434\" \/><\/p>\n<p>&nbsp;<\/p>\n<p><strong>Continua el proceso dando clic en siguiente<\/strong><\/p>\n<p><strong>\u00a0(Para la afiliaci\u00f3n\u00a0utiliza protocolo HTTPS \u00a0\u00ab100 % seguro\u00bb \u00a0canal cifrado destinado a la transferencia segura de datos, utilizado por entidades financieras ).<\/strong><\/p>\n<p style=\"text-align: center;\"><a href=\"https:\/\/portal.omnilife.com\/registro?distributor_code=57697235PAP&amp;country_code=COL&amp;lang=es distribuidor\" target=\"_blank\" rel=\"noopener noreferrer\"><img loading=\"lazy\" decoding=\"async\" class=\"aligncenter\" title=\"quiero ser empresario\" src=\"https:\/\/pinpao.co\/blog\/images\/2014\/hazlo-ahora.jpg\" alt=\"quiero ser empresario\" width=\"416\" height=\"82\" \/><\/a><\/p>\n<p>&nbsp;<\/p>\n<p>&nbsp;<\/p>\n<p><strong>Una vez te afilies me contactas para explicarte\u00a0\u00a0mas de este espectacular !!! \u00a0negocio exitoso. <\/strong><\/p>\n","protected":false},"excerpt":{"rendered":"<p>Vea como ella logr\u00e1 ganar 14 millones de pesos colombianos en 30 d\u00edas Un negocio exitoso &nbsp; Un negocio exitoso diferente, el cual ademas de aportar beneficios econ\u00f3micos, es una excelente oportunidad de cambiar su vida y las personas que deseen aprovechar esta gran oportunidad de negocio. Te espero tu decides !!! Puedes formar tu [&hellip;]<\/p>\n","protected":false},"author":1,"featured_media":0,"parent":0,"menu_order":0,"comment_status":"open","ping_status":"open","template":"salespage.php","meta":{"footnotes":""},"class_list":["post-911","page","type-page","status-publish","hentry"],"_links":{"self":[{"href":"https:\/\/pinpao.co\/blog\/wp-json\/wp\/v2\/pages\/911","targetHints":{"allow":["GET"]}}],"collection":[{"href":"https:\/\/pinpao.co\/blog\/wp-json\/wp\/v2\/pages"}],"about":[{"href":"https:\/\/pinpao.co\/blog\/wp-json\/wp\/v2\/types\/page"}],"author":[{"embeddable":true,"href":"https:\/\/pinpao.co\/blog\/wp-json\/wp\/v2\/users\/1"}],"replies":[{"embeddable":true,"href":"https:\/\/pinpao.co\/blog\/wp-json\/wp\/v2\/comments?post=911"}],"version-history":[{"count":59,"href":"https:\/\/pinpao.co\/blog\/wp-json\/wp\/v2\/pages\/911\/revisions"}],"predecessor-version":[{"id":4828,"href":"https:\/\/pinpao.co\/blog\/wp-json\/wp\/v2\/pages\/911\/revisions\/4828"}],"wp:attachment":[{"href":"https:\/\/pinpao.co\/blog\/wp-json\/wp\/v2\/media?parent=911"}],"curies":[{"name":"wp","href":"https:\/\/api.w.org\/{rel}","templated":true}]}}