{"id":982,"date":"2012-04-19T21:45:22","date_gmt":"2012-04-19T21:45:22","guid":{"rendered":"http:\/\/pinpao.co\/blog\/?page_id=982"},"modified":"2014-01-05T17:25:30","modified_gmt":"2014-01-05T17:25:30","slug":"dual-c-mix","status":"publish","type":"page","link":"https:\/\/pinpao.co\/blog\/dual-c-mix\/","title":{"rendered":""},"content":{"rendered":"<p><object width=\"640\" height=\"360\" classid=\"clsid:d27cdb6e-ae6d-11cf-96b8-444553540000\" codebase=\"http:\/\/download.macromedia.com\/pub\/shockwave\/cabs\/flash\/swflash.cab#version=6,0,40,0\"><param name=\"allowFullScreen\" value=\"true\" \/><param name=\"allowscriptaccess\" value=\"always\" \/><param name=\"src\" value=\"http:\/\/www.youtube.com\/v\/9qVEfoIOgVs?version=3&amp;hl=es_ES\" \/><param name=\"allowfullscreen\" value=\"true\" \/><embed width=\"640\" height=\"360\" type=\"application\/x-shockwave-flash\" src=\"http:\/\/www.youtube.com\/v\/9qVEfoIOgVs?version=3&amp;hl=es_ES\" allowFullScreen=\"true\" allowscriptaccess=\"always\" allowfullscreen=\"true\" \/><\/object><\/p>\n<h2>Dual c mix omnilife<\/h2>\n<p><a href=\"https:\/\/pinpao.co\/blog\/productos\/sistemas\/\"><img loading=\"lazy\" decoding=\"async\" class=\"alignleft\" title=\"dual c mix omnilife\" alt=\"dual c mix omnilife\" src=\"https:\/\/pinpao.co\/blog\/images\/dualcmix.jpg\" width=\"113\" height=\"99\" \/><\/a><\/p>\n<p><strong>Dual c mix omnilife<\/strong> Bebida antioxidante que beneficia el sistema respiratorio, ofrece un gran aporte de vitamina C\u00a0 y ayuda a combatir radicales libres que deterioran las c\u00e9lulas. Fortalece el sistema respiratorio, auxiliar contra la tos entre otros.<br \/>\n<script type=\"text\/javascript\" src=\"http:\/\/forms.aweber.com\/form\/71\/1630641571.js\"><\/script>si deseas adquirir<strong> dual c mix omnilife<\/strong> no dudes en contactarme en el link superior.<script type=\"text\/javascript\" src=\"http:\/\/forms.aweber.com\/form\/71\/1630641571.js\"><\/script><\/p>\n<p>&nbsp;<\/p>\n<h3>Para cerrar\u2026\u2026<\/h3>\n<p>Si usted quiere aprender paso a paso por medio de v\u00eddeo tutoriales \u201cc\u00f3mo crear su propio negocio y generar dinero extra\u201d le recomiendo que visite ahora <span style=\"color: #ff0000;\"><a title=\"negocios y salud\" href=\"http:\/\/pinpao.co\" target=\"_blank\"><span style=\"color: #ff0000;\">mismo mi sitio web http:\/\/pinpao.co<\/span><\/a><\/span> Gracias por su atenci\u00f3n, nos encontramos en un pr\u00f3ximo art\u00edculo.<\/p>\n<h3><\/h3>\n<h4>Pedro Pinz\u00f3n<\/h4>\n<p><span style=\"color: #ff0000;\"><a title=\"negocios y salud\" href=\"http:\/\/pinpao.co\" target=\"_blank\"><span style=\"color: #ff0000;\">Director de pinpao.co<\/span><\/a><\/span><\/p>\n<p><img loading=\"lazy\" decoding=\"async\" class=\"alignnone\" title=\"comparte este video\" alt=\"comparte este video\" src=\"https:\/\/pinpao.co\/blog\/images\/comparte-video.jpg\" width=\"380\" height=\"45\" \/><br \/>\n<script type=\"text\/javascript\" src=\"http:\/\/forms.aweber.com\/form\/71\/1630641571.js\"><\/script><\/p>\n","protected":false},"excerpt":{"rendered":"<p>Dual c mix omnilife Dual c mix omnilife Bebida antioxidante que beneficia el sistema respiratorio, ofrece un gran aporte de vitamina C\u00a0 y ayuda a combatir radicales libres que deterioran las c\u00e9lulas. Fortalece el sistema respiratorio, auxiliar contra la tos entre otros. si deseas adquirir dual c mix omnilife no dudes en contactarme en el [&hellip;]<\/p>\n","protected":false},"author":1,"featured_media":0,"parent":0,"menu_order":0,"comment_status":"open","ping_status":"closed","template":"","meta":{"footnotes":""},"class_list":["post-982","page","type-page","status-publish","hentry"],"_links":{"self":[{"href":"https:\/\/pinpao.co\/blog\/wp-json\/wp\/v2\/pages\/982","targetHints":{"allow":["GET"]}}],"collection":[{"href":"https:\/\/pinpao.co\/blog\/wp-json\/wp\/v2\/pages"}],"about":[{"href":"https:\/\/pinpao.co\/blog\/wp-json\/wp\/v2\/types\/page"}],"author":[{"embeddable":true,"href":"https:\/\/pinpao.co\/blog\/wp-json\/wp\/v2\/users\/1"}],"replies":[{"embeddable":true,"href":"https:\/\/pinpao.co\/blog\/wp-json\/wp\/v2\/comments?post=982"}],"version-history":[{"count":7,"href":"https:\/\/pinpao.co\/blog\/wp-json\/wp\/v2\/pages\/982\/revisions"}],"predecessor-version":[{"id":3489,"href":"https:\/\/pinpao.co\/blog\/wp-json\/wp\/v2\/pages\/982\/revisions\/3489"}],"wp:attachment":[{"href":"https:\/\/pinpao.co\/blog\/wp-json\/wp\/v2\/media?parent=982"}],"curies":[{"name":"wp","href":"https:\/\/api.w.org\/{rel}","templated":true}]}}